 1. Let d(s) = 7*s**3 - 6*s**2 + 5*s - 3. Let t(o) = -3*d(o) - 5*x(o). What are the prime factors of t(3)?
2
Let p = -28 + 45. Suppose 4*m = l + 53, 3*m - 3*l + p = 59. What are the prime factors of m?
13
Suppose 3*y + i + 5 = 3*i, 0 = -3*y - 2*i - 25. Let c(m) = -m**3 - m + 0*m**2 - 5*m**2 + 0*m**2 - 1. What are the prime factors of c(y)?
2
Suppose -4*b + 109 = -2*k - 613, 5*b - 2*k - 904 = 0. List the prime factors of b.
2, 7, 13
Let r = 343 - 197. List the prime factors of r.
2, 73
Let y(r) be the second derivative of -r**3/3 + 3*r**2 + 2*r. Let q be y(-8). Suppose 2*o - 5*o + q = 4*x, -x = -o - 2. What are the prime factors of o?
2
Let n be 5/20 - (-22)/8. List the prime factors of n + -1 + 5 - -2.
3
Let v be (-6)/(-4) + 45/18. Suppose 3 = -3*o, -o - 105 = -v*t + 4*o. List the prime factors of t.
5
Let w be (13/(-26))/((-2)/124). Suppose 0 = -3*c + w + 86. What are the prime factors of c?
3, 13
Suppose 0 = -3*m + 5*m + 4. Let t(w) = -5*w + 2. What are the prime factors of t(m)?
2, 3
Let r = -1 + 1. Let f(i) be the second derivative of i**5/20 - i**4/12 + 5*i**2 - 10*i. What are the prime factors of f(r)?
2, 5
What are the prime factors of (208/40)/(2/30)?
2, 3, 13
Suppose -197 - 678 = -5*i. Suppose -i - 29 = -6*y. List the prime factors of y.
2, 17
What are the prime factors of (78 - 1) + 4/1?
3
Suppose 43*v - 49*v + 600 = 0. List the prime factors of v.
2, 5
Suppose 0 = r + 4*r + 5*l, 0 = 2*l + 4. Suppose 23 = y + r*h, -14 - 59 = -5*y + 4*h. What are the prime factors of y?
17
Let q(b) = -b**2 - 8*b + 2. Let u be q(-8). Suppose 2*w + o - 85 = -2*w, -4*o = -u*w + 38. List the prime factors of w.
3, 7
Let h(v) = v**2 - 8*v + 1. Let g(d) be the first derivative of d**3/3 - 7*d**2/2 - 2. Let j(r) = 4*g(r) - 3*h(r). List the prime factors of j(-2).
3
Let h(y) = -4*y**2 - y + 28*y**2 + 2 + 12*y**2 + 3*y. List the prime factors of h(-1).
2, 3
Suppose 396 = 3*p - 84. List the prime factors of p.
2, 5
Suppose -3*v + 4*v + 22 = 5*r, 12 = 4*v. Suppose -4*u + r*l - l + 48 = 0, 5*u - 87 = -4*l. List the prime factors of u.
3, 5
Suppose -4*k = -2 - 2. List the prime factors of 2*(-26)/(-4)*k.
13
Let q = 581 + -323. List the prime factors of q.
2, 3, 43
Let t(v) = -v**3 - 9*v**2 + v + 11. Let l be t(-9). Let d(a) = a + 0 - 5*a - l. What are the prime factors of d(-2)?
2, 3
Let l(k) = 4*k**2 + 2*k. What are the prime factors of l(-3)?
2, 3, 5
Suppose 0 = 2*c + c - 93. Let v = c - 12. What are the prime factors of v?
19
Suppose -2*w - 3*w = -235. Let z = w + -9. List the prime factors of z.
2, 19
Let v be (3 - -2) + 2 + -3. Suppose -3*n = -v - 20. What are the prime factors of n?
2
Let z be (4 + -5)*(-13)/1. Suppose -c = 4*w - 7, 2*w - z = 6*w + 5*c. List the prime factors of w.
3
Let a = -20 + 13. Let q(i) = i**2 + 6*i - 6. Let w be q(a). List the prime factors of (-6)/(-2) + w + 1.
5
Suppose -p + 2*z = -0 + 2, 4*z + 2 = 5*p. Suppose -5*j - p = b, -2*j - 9 = j. What are the prime factors of b?
13
Suppose 3*k + 24 = -168. Let r = -34 - k. What are the prime factors of r?
2, 3, 5
Suppose 3*k - 4*k + 6 = 0. Suppose 0 = f - k + 1. Suppose 0 = f*m - 26 - 44. List the prime factors of m.
2, 7
Suppose -2*h = 3*t + 4 - 20, h = 2*t - 6. Let u(a) = -a**h + 3 - 7*a - 7 - 4*a. List the prime factors of u(-10).
2, 3
Let y(b) = b**3 - 4*b**2 - 4*b + 5. Let d(v) = -4*v + 1. Let u be d(-1). What are the prime factors of y(u)?
2, 5
What are the prime factors of 14/7 + (159 - 0)?
7, 23
Suppose t - 3*t - 8 = -5*u, t - 2*u + 3 = 0. Let g be (-6)/(8/4) + 0. List the prime factors of g*t/((-9)/15).
5
Suppose -s = s - 96. List the prime factors of s.
2, 3
Let h = 19 + -17. List the prime factors of h.
2
Suppose 63 = f - 164. List the prime factors of f.
227
Let a(o) = -3*o - 1. Let w(g) = g**3 + g - 1. Let l be w(0). What are the prime factors of a(l)?
2
Let y(j) = 44*j**3 - 2*j + 2. Let i(b) = -b**3 + b**2 - b - 2. Let r be i(-1). What are the prime factors of y(r)?
2, 11
Let s(q) = 31*q - 5. List the prime factors of s(2).
3, 19
Suppose 0 = 4*s - 3*s + 1, 0 = 5*f - 2*s - 92. List the prime factors of f.
2, 3
Let o(p) be the first derivative of -p**2/2 + p - 1. What are the prime factors of o(-7)?
2
What are the prime factors of (219 - (-4)/(-2 - 0)) + -2?
5, 43
Suppose 0 = -4*v + 3*c + 32, -c = -2*v - 9 + 23. Suppose -71 = -4*x - 3*d, -61 = -v*x - d + 25. List the prime factors of x.
17
What are the prime factors of 27/(-2)*(-1 - 1/(-3))?
3
Suppose d + 2*d = -4*j + 110, -2*d - 3*j + 75 = 0. Suppose -d = -2*x - 3*x. List the prime factors of x.
2, 3
Suppose -8*l + 1470 = -l. What are the prime factors of l?
2, 3, 5, 7
Let j(h) be the first derivative of h**3/3 - 7*h**2/2 - 1. Let a be j(7). Let x = a + 2. List the prime factors of x.
2
Let o(f) = -54*f - 40. List the prime factors of o(-4).
2, 11
Let h(k) = 2*k**2 - k - 2. Let q be h(-2). List the prime factors of 52/((0 - q)/(-4)).
2, 13
Let r(c) = 2*c**2 + c - 4. Let q be r(-3). Let m be 2/(-11) + 2/q. Let n = m - -6. List the prime factors of n.
2, 3
Suppose 10*q - 100 = 5*q. What are the prime factors of (30/q)/(1/12)?
2, 3
Suppose 2*t + 2 = -4*b - 4, 5*b + 15 = -4*t. Let c(v) = -v - 1. Let q be c(t). Suppose -5*y + q*y + 12 = 0. List the prime factors of y.
2, 3
What are the prime factors of (3 + -2)/(4/116)?
29
Let y(j) = j. Let r be y(4). Suppose -78 = -3*n + r*o, -5*n - 23 = 4*o - 121. What are the prime factors of n?
2, 11
Suppose -7 = -5*i - 2. Let d be (0 + i/2)*4. Suppose 2*r + 4*n = 8, r - 2 = -3*n + d. What are the prime factors of r?
2
Let a(g) = -15*g + 2. Let f be a(-2). Suppose -b - b - j = -22, 4*b = 4*j + f. List the prime factors of b.
2, 5
Let h(g) = -4*g**3 - 3 - 3*g**3 + 2*g**2 + 5*g**3 + g**3 + 4*g. Suppose 0 = -3*z - 3*t + 15, 0*t = -3*z + 5*t - 9. What are the prime factors of h(z)?
5
Suppose 70 = 2*t + 3*f, t - 118 = -3*t + 5*f. List the prime factors of t.
2
Let c = 31 + 3. Suppose -2*y - c = -5*x, x - 4*y = y + 16. Suppose x*g = 2*g + 12. List the prime factors of g.
3
Let w = 576 - 306. List the prime factors of w.
2, 3, 5
Let y be 3/(-15) - (-18)/(-10). Let v be (-1)/y + 14/4. Suppose -v*b = -18 - 22. List the prime factors of b.
2, 5
Let r(p) be the first derivative of 2*p**3/3 + 7*p**2/2 + 5*p + 2. What are the prime factors of r(-5)?
2, 5
Let u = 8 + -6. Suppose -5*n + 9 + 11 = u*c, -3*c + 5 = -5*n. Let f(w) = 2*w + 2. What are the prime factors of f(n)?
2, 3
Let w(y) = y**2 - 3*y - 1. Let i be -4 - (-2 + -1 + 1). Let t be w(i). Let d(x) = x - 3. What are the prime factors of d(t)?
2, 3
Let f = 62 + -6. Suppose f = 5*g - g. What are the prime factors of g?
2, 7
Let f be -2 + 1 + 1*32. Let h = f - 22. List the prime factors of h.
3
Let n(i) = -i**2 - 8. Let s be n(0). Let g = s + 11. List the prime factors of g.
3
Let t(c) be the second derivative of 4*c**3/3 + 5*c**2/2 + 2*c. Let y be t(9). Suppose w = 5*m - y, 5*w + 35 + 5 = 2*m. List the prime factors of m.
3, 5
What are the prime factors of -1*(-5 + 4) - -8?
3
Let u = -90 + 134. Suppose -3*q + 16 = -u. Let l = q + -1. What are the prime factors of l?
19
Let k(x) = 2*x**3 + 11*x**2 - 6*x. Let p(o) = 3*o**3 + 21*o**2 - 11*o. Let h(i) = -5*k(i) + 3*p(i). What are the prime factors of h(7)?
2, 7
Let l(u) = -u - 11. Let i be l(-11). Suppose i = 4*w - w - 57. What are the prime factors of w?
19
Let i(z) = -2*z**2 + 3 - 4 - 3*z - 3 + z**3. What are the prime factors of i(4)?
2
Let a = 333 + -193. List the prime factors of a.
2, 5, 7
Let s = 0 - 0. Suppose 18 = 3*u - 3*a, s*u - a - 2 = u. List the prime factors of (0 - -22)*u/4.
11
Let i = 25 - 13. List the prime factors of (-427)/(-13) - i/(-78).
3, 11
Suppose -m + 2 = h + 4, -2 = 3*m + 2*h. Let t(n) = n**2 + m - 2*n + 2*n - 2*n. List the prime factors of t(4).
2, 5
Let q = -296 - -498. List the prime factors of q.
2, 101
Let d = -28 + 59. Suppose -1 = -4*l + d. Let t = l - -3. What are the prime factors of t?
11
Suppose 4*j = -4*v + 12, j = -0*j + v + 7. Suppose 3*d - 4*r - 33 = 0, 2*d - 10 = 5*r + j. List the prime factors of d.
3, 5
Let y = -5 - -30. Suppose -2*u - 9 = p, -3*p + 2*u = 13 + 30. Let r = y + p. What are the prime factors of r?
2, 3
Let c be -2*(4/2 + -3). Suppose -c*s = 3*s - 25. Suppose 2*m = s*o - 68, -o + m + m + 20 = 0. List the prime factors of o.
2, 3
Let x be (5/(-15